11?
-a675
Convert -1020302 (base 4) to base 16.
-1232
1313022 (base 4) to base 6
55150
Convert -111110011001111 (base 2) to base 10.
-31951
-220020 (base 3) to base 13
-3b4
944 (base 13) to base 8
3051
What is -471 (base 11) in base 13?
-343
What is 1a6 (base 11) in base 16?
ed
What is -7770 (base 9) in base 7?
-22500
What is 94ec (base 15) in base 14?
b69b
Convert -213335 (base 6) to base 11.
-12275
What is -15278 (base 9) in base 10?
-10439
-20 (base 15) to base 8
-36
Convert 1d7 (base 15) to base 10.
427
110011 (base 3) to base 15
16d
What is 371 (base 12) in base 15?
247
Convert 1101000 (base 2) to base 7.
206
Convert 4ac (base 16) to base 10.
1196
What is 1210120 (base 4) in base 7?
24505
Convert 172a (base 11) to base 10.
2210
What is -b37 (base 13) in base 2?
-11101110001
Convert 1337 (base 12) to base 5.
32303
What is -11300 (base 4) in base 13?
-224
What is -411b (base 13) in base 12?
-5245
What is 10354 (base 6) in base 10?
1438
What is 2434 (base 6) in base 13?
370
125183 (base 9) to base 15
1779c
-12311330 (base 4) to base 12
-14278
-5bb (base 16) to base 10
-1467
-101102 (base 3) to base 9
-342
-316 (base 11) to base 13
-233
What is 437 (base 9) in base 5?
2413
Convert 2657 (base 11) to base 16.
d7a
-b6c1 (base 16) to base 9
-71153
What is -13245 (base 6) in base 9?
-2722
-10101001111 (base 2) to base 8
-2517
Convert -12233 (base 5) to base 13.
-577
-5757 (base 8) to base 13
-1510
What is -767 (base 10) in base 16?
-2ff
Convert 2521 (base 6) to base 15.
2ba
What is 6274 (base 12) in base 9?
15657
What is 35145 (base 6) in base 8?
11651
Convert -115730 (base 8) to base 7.
-224213
1525 (base 6) to base 9
508
What is -307 (base 15) in base 9?
-837
-2070 (base 8) to base 6
-5000
Convert 11750 (base 9) to base 14.
2c46
8731 (base 9) to base 4
1210123
Convert -131331 (base 7) to base 15.
-73ec
What is -34a4 (base 11) in base 8?
-10757
Convert -1001001100011 (base 2) to base 16.
-1263
Convert -28457 (base 10) to base 11.
-1a420
What is 1a (base 11) in base 13?
18
What is -11012202 (base 3) in base 14?
-1195
-29c (base 14) to base 6
-2242
Convert 3304 (base 5) to base 11.
383
Convert -8b93 (base 12) to base 7.
-63150
Convert 25958 (base 10) to base 8.
62546
-21280 (base 11) to base 14
-b3c3
What is -2790 (base 10) in base 7?
-11064
c20 (base 14) to base 9
3234
What is 2530 (base 15) in base 3?
101212100
What is 11283 (base 9) in base 15?
236c
Convert 12131 (base 4) to base 3.
120022
-87 (base 11) to base 8
-137
Convert -20272 (base 10) to base 9.
-30724
What is -a41 (base 11) in base 3?
-1201111
What is 372 (base 15) in base 2?
1100001110
What is 1653 (base 14) in base 11?
3000
What is 3160 (base 9) in base 16?
912
Convert -5e1 (base 16) to base 2.
-10111100001
What is 292 (base 10) in base 15?
147
-10101212 (base 4) to base 11
-12179
Convert -20631 (base 9) to base 6.
-143044
What is 21644 (base 8) in base 3?
110111221
What is 360 (base 12) in base 5?
4004
What is -264a (base 16) in base 10?
-9802
-2809 (base 10) to base 13
-1381
Convert -10843 (base 9) to base 13.
-33b7
Convert 251 (base 12) to base 11.
298
What is -451 (base 8) in base 16?
-129
What is 111111010010001 (base 2) in base 3?
1122110001
What is -111110 (base 4) in base 13?
-80c
-1101222000 (base 3) to base 10
-27675
What is 1102101 (base 3) in base 12?
724
Convert -14637 (base 12) to base 2.
-110111110001011
3121 (base 5) to base 15
1c6
6965 (base 10) to base 9
10488
Convert -162 (base 9) to base 11.
-115
What is -753a (base 11) in base 4?
-2123231
What is 15126 (base 10) in base 14?
5726
Convert 10010001111 (base 2) to base 3.
1121020
What is 25366 (base 7) in base 3?
100012121
Convert 1b87 (base 14) to base 15.
1749
What is 1785 (base 16) in base 12?
3599
-28366 (base 10) to base 16
-6ece
Convert -320 (base 16) to base 8.
-1440
What is -2112211 (base 5) in base 4?
-20213222
6308 (base 12) to base 3
112211022
What is 120141 (base 6) in base 11?
7921
What is 1102 (base 3) in base 9?
42
Convert -19889 (base 13) to base 7.
-265121
201404 (base 6) to base 7
64255
What is -11443 (base 5) in base 6?
-4013
2422 (base 8) to base 10
1298
Convert 101102012 (base 3) to base 4.
1312220
-14161 (base 9) to base 15
-2cad
Convert 136 (base 15) to base 11.
231
-210011100 (base 3) to base 8
-36102
Convert -b8a (base 14) to base 16.
-8e6
What is -11110111 (base 2) in base 14?
-139
Convert -46407 (base 9) to base 10.
-30949
What is -35133 (base 6) in base 3?
-20220010
Convert -9a5a (base 11) to base 14.
-4b8a
What is 33021 (base 5) in base 3?
10002202
What is -3104 (base 9) in base 11?
-1786
Convert -101011000 (base 2) to base 16.
-158
What is 111020 (base 3) in base 6?
1353
Convert -3150 (base 6) to base 3.
-222110
12311 (base 4) to base 13
278
-27140 (base 11) to base 9
-58151
-5386 (base 15) to base 8
-42414
Convert -2362 (base 16) to base 15.
-2a3d
10668 (base 10) to base 2
10100110101100
Convert 330 (base 16) to base 13.
4aa
What is 1011110001000101 (base 2) in base 7?
260342
What is 1110220 (base 3) in base 11?
89a
Convert 1c1f (base 16) to base 5.
212244
Convert -34555 (base 6) to base 14.
-1b4b
Convert -65504 (base 7) to base 11.
-11332
185a (base 13) to base 3
11222020
Convert 1508 (base 9) to base 8.
2166
Convert 17b1 (base 13) to base 6.
24152
What is -34243 (base 7) in base 10?
-8704
-23135 (base 6) to base 15
-e9e
-1102211200 (base 3) to base 2
-110111010011010
-24429 (base 10) to base 6
-305033
What is 21121 (base 4) in base 2?
1001011001
5752 (base 9) to base 14
17a3
Convert 850 (base 9) to base 13.
414
What is -3363 (base 7) in base 5?
-14341
Convert -110100001101 (base 2) to base 8.
-6415
-12002002 (base 3) to base 16
-e75
304 (base 12) to base 14
232
What is 1020 (base 12) in base 15?
7bc
Convert 2b7 (base 16) to base 11.
582
1120012 (base 3) to base 13
698
Convert 11117 (base 8) to base 15.
15c7
-715 (base 15) to base 2
-11000111011
Convert e641 (base 15) to base 14.
13a3b
761 (base 12) to base 8
2071
222222 (base 3) to base 12
508
Convert 11314 (base 6) to base 4.
121132
Convert 10220110 (base 3) to base 7.
11205
Convert -1a169 (base 11) to base 14.
-a387
What is 1252 (base 8) in base 2?
1010101010
What is -410 (base 14) in base 3?
-1002120
-498 (base 10) to base 9
-613
446 (base 12) to base 16
276
b09 (base 15) to base 12
1530
What is -6546 (base 9) in base 7?
-20025
Convert -27b (base 15) to base 8.
-1066
298 (base 11) to base 3
110221
What is -19d8 (base 14) in base 7?
-16461
Convert 1822 (base 13) to base 9.
4814
Convert -889 (base 11) to base 7.
-3051
What is -2456 (base 7) in base 16?
-39b
Convert 5083 (base 11) to base 4.
1221122
-23313 (base 6) to base 14
-131b
Convert 403 (base 9) to base 11.
278
-26555 (base 9) to base 7
-103223
Convert -34466 (base 7) to base 4.
-2021303
21b68 (base 12) to base 8
127500
Convert -a52 (base 16) to base 11.
-1a92
b5 (base 15) to base 8
252
What is 40e (base 16) in base 3?
1102110
-1111010111011110 (base 2) to base 4
-33113132
-11121 (base 4) to base 11
-294
What is 44345 (base 7) in base 6?
123352
What is -40225 (base 8) in base 5?
-1012113
What is 16351 (base 9) in base 10?
11224
-97cf (base 16) to base 11
-27220
Convert -6464 (base 7) to base 9.
-3135
Convert -1148 (base 9) to base 7.
-2330
775 (base 9) to base 15
2c5
What is -147 (base 13) in base 2?
-11100100
What is -5d5b (base 14) in base 10?
-16349
What is -102032 (base 5) in base 8?
-6500
-12 (base 11) to base 6
-21
b79 (base 12) to base 16
68d
Convert -101 (base 11) to base 14.
-8a
Convert 4d7 (base 16) to base 5.
14424
-1030 (base 13) to base 9
-3054
What is 13544 (base 8) in base 16?
1764
What is -235641 (base 7) in base 4?
-22131213
Convert 84d (base 14) to base 6.
11325
Convert -1211113 (base 4) to base 11.
-4968
Convert -b330 (base 14) to base 8.
-74136
What is 30702 (base 9) in base 14?
7548
What is -1225 (base 8) in base 4?
-22111
What is 22012202 (base 3) in base 6?
43415
-10136 (base 7) to base 16
-9ad
-112334 (base 5) to base 4
-333332
What is -43076 (base 11) in base 14?
-18b84
1162 (base 8) to base 2
1001110010
-11011000110000 (base 2) to base 15
-419c
What is -222100 (base 5) in base 12?
-45bb
What is -1444 (base 7) in base 11?
-47a
What is 1021212 (base 3) in base 16?
3ad
Convert -44011 (base 5) to base 10.
-3006
Convert 3330 (base 4) to base 6.
1100
-11